{"id":1141,"date":"2022-10-19T14:42:20","date_gmt":"2022-10-19T12:42:20","guid":{"rendered":"https:\/\/www.astrouw.edu.pl\/knastr\/?page_id=1141"},"modified":"2022-11-26T01:45:46","modified_gmt":"2022-11-26T00:45:46","slug":"formularz-rejestracyjny","status":"publish","type":"page","link":"https:\/\/www.astrouw.edu.pl\/knastr\/ksakn-2022\/formularz-rejestracyjny\/","title":{"rendered":"KSAKN 2022 &#8211; Formularz rejestracyjny"},"content":{"rendered":"<p>Rejestracja zosta\u0142a zako\u0144czona. Dzi\u0119kujemy za zainteresowanie!<br \/>\nPolecamy \u015bledzi\u0107 kolejne edycje konferencji.<\/p>\n","protected":false},"excerpt":{"rendered":"<p>Rejestracja zosta\u0142a zako\u0144czona. Dzi\u0119kujemy za zainteresowanie! Polecamy \u015bledzi\u0107 kolejne edycje konferencji.<\/p>\n","protected":false},"author":1,"featured_media":0,"parent":1114,"menu_order":0,"comment_status":"closed","ping_status":"closed","template":"","meta":{"footnotes":""},"_links":{"self":[{"href":"https:\/\/www.astrouw.edu.pl\/knastr\/wp-json\/wp\/v2\/pages\/1141"}],"collection":[{"href":"https:\/\/www.astrouw.edu.pl\/knastr\/wp-json\/wp\/v2\/pages"}],"about":[{"href":"https:\/\/www.astrouw.edu.pl\/knastr\/wp-json\/wp\/v2\/types\/page"}],"author":[{"embeddable":true,"href":"https:\/\/www.astrouw.edu.pl\/knastr\/wp-json\/wp\/v2\/users\/1"}],"replies":[{"embeddable":true,"href":"https:\/\/www.astrouw.edu.pl\/knastr\/wp-json\/wp\/v2\/comments?post=1141"}],"version-history":[{"count":2,"href":"https:\/\/www.astrouw.edu.pl\/knastr\/wp-json\/wp\/v2\/pages\/1141\/revisions"}],"predecessor-version":[{"id":1254,"href":"https:\/\/www.astrouw.edu.pl\/knastr\/wp-json\/wp\/v2\/pages\/1141\/revisions\/1254"}],"up":[{"embeddable":true,"href":"https:\/\/www.astrouw.edu.pl\/knastr\/wp-json\/wp\/v2\/pages\/1114"}],"wp:attachment":[{"href":"https:\/\/www.astrouw.edu.pl\/knastr\/wp-json\/wp\/v2\/media?parent=1141"}],"curies":[{"name":"wp","href":"https:\/\/api.w.org\/{rel}","templated":true}]}}