{"id":12,"date":"2016-11-11T16:35:17","date_gmt":"2016-11-11T15:35:17","guid":{"rendered":"http:\/\/www.astrouw.edu.pl\/knastr\/beta\/?page_id=12"},"modified":"2018-11-12T22:51:47","modified_gmt":"2018-11-12T21:51:47","slug":"o-nas","status":"publish","type":"page","link":"https:\/\/www.astrouw.edu.pl\/knastr\/o-nas\/","title":{"rendered":"O nas"},"content":{"rendered":"<p>Ko\u0142o Naukowe Astronom\u00f3w Uniwersytetu Warszawskiego rozpocz\u0119\u0142o dzia\u0142alno\u015b\u0107 20 maja 2004 roku na mocy decyzji Prorektora ds. studenckim Marka W\u0105sowicza, co czyni je najd\u0142u\u017cej nieprzerwanie funkcjonuj\u0105c\u0105 organizacj\u0105 studenck\u0105 na Wydziale Fizyki UW. Zrzesza przede wszystkim student\u00f3w astronomii z UW, jednak jest r\u00f3wnie\u017c otwarta na osoby reprezentuj\u0105ce inne kierunki na naszej uczelni lub nawet sympatyk\u00f3w spoza niej. Od samego pocz\u0105tku stawiamy przed sob\u0105 ambitne cele, ju\u017c kilka miesi\u0119cy od oficjalnej rejestracji KNAstr zorganizowa\u0142 Og\u00f3lnopolskie Seminarium Student\u00f3w Astronomii &#8211; pierwsze spotkanie skupiaj\u0105ce m\u0142odych badaczy kosmosu z r\u00f3\u017cnych stron naszego kraju, a w tym samym roku zaanga\u017cowa\u0142 si\u0119 w dzia\u0142ania powstaj\u0105cej w\u00f3wczas Polskiej Sieci Bolidowej.<\/p>\n<p>Nasze spotkania to okazja do spotkania z naukowcami z r\u00f3\u017cnych instytut\u00f3w, kt\u00f3rych praca ma zwi\u0105zek z astronomi\u0105, wys\u0142uchania ich wyk\u0142ad\u00f3w lub czasem nawet udzia\u0142u w warsztatach. Delegaci astronomicznych k\u00f3\u0142 studenckich spotykaj\u0105 si<span class=\"_5yl5\">\u0119<\/span> r\u00f3wnie\u017c raz na semestr w czasie konferencji naukowej KSAKN. Najwi\u0119ksz\u0105 satysfakcj\u0119 daje oczywi\u015bcie realizacja du\u017cych projekt\u00f3w, na pocz\u0105tku 2016 roku ponownie zainteresowali\u015bmy si\u0119 rejestracj\u0105 zjawiska meteor\u00f3w. Od tego czasu we wsp\u00f3\u0142pracy z Pracowni\u0105 Komet i Meteor\u00f3w rozwijamy w\u0142asn\u0105 stacj\u0119 bolidow\u0105, kt\u00f3ra w najbli\u017cszej przysz\u0142o\u015bci stanie si\u0119 \u017ar\u00f3d\u0142em danych na temat trajektorii przedzieraj\u0105cych atmosfer\u0119 kosmicznych ska\u0142.<\/p>\n<p>&nbsp;<\/p>\n<p>&nbsp;<\/p>\n","protected":false},"excerpt":{"rendered":"<p>Ko\u0142o Naukowe Astronom\u00f3w Uniwersytetu Warszawskiego rozpocz\u0119\u0142o dzia\u0142alno\u015b\u0107 20 maja 2004 roku na mocy decyzji Prorektora ds. studenckim Marka W\u0105sowicza, co czyni je najd\u0142u\u017cej nieprzerwanie funkcjonuj\u0105c\u0105 organizacj\u0105 studenck\u0105 na Wydziale Fizyki UW. Zrzesza przede wszystkim&#46;&#46;&#46;<\/p>\n","protected":false},"author":1,"featured_media":0,"parent":0,"menu_order":0,"comment_status":"closed","ping_status":"closed","template":"","meta":{"footnotes":""},"_links":{"self":[{"href":"https:\/\/www.astrouw.edu.pl\/knastr\/wp-json\/wp\/v2\/pages\/12"}],"collection":[{"href":"https:\/\/www.astrouw.edu.pl\/knastr\/wp-json\/wp\/v2\/pages"}],"about":[{"href":"https:\/\/www.astrouw.edu.pl\/knastr\/wp-json\/wp\/v2\/types\/page"}],"author":[{"embeddable":true,"href":"https:\/\/www.astrouw.edu.pl\/knastr\/wp-json\/wp\/v2\/users\/1"}],"replies":[{"embeddable":true,"href":"https:\/\/www.astrouw.edu.pl\/knastr\/wp-json\/wp\/v2\/comments?post=12"}],"version-history":[{"count":9,"href":"https:\/\/www.astrouw.edu.pl\/knastr\/wp-json\/wp\/v2\/pages\/12\/revisions"}],"predecessor-version":[{"id":399,"href":"https:\/\/www.astrouw.edu.pl\/knastr\/wp-json\/wp\/v2\/pages\/12\/revisions\/399"}],"wp:attachment":[{"href":"https:\/\/www.astrouw.edu.pl\/knastr\/wp-json\/wp\/v2\/media?parent=12"}],"curies":[{"name":"wp","href":"https:\/\/api.w.org\/{rel}","templated":true}]}}