{"id":512,"date":"2019-08-14T19:43:22","date_gmt":"2019-08-14T17:43:22","guid":{"rendered":"http:\/\/www.astrouw.edu.pl\/knastr\/?page_id=512"},"modified":"2019-09-03T16:09:28","modified_gmt":"2019-09-03T14:09:28","slug":"informacje","status":"publish","type":"page","link":"https:\/\/www.astrouw.edu.pl\/knastr\/ossa-2019\/informacje\/","title":{"rendered":"OSSA 2019 &#8211; Informacje"},"content":{"rendered":"<h3>Sala wyk\u0142adowa<\/h3>\n<p style=\"color: black\">Wyk\u0142ady odb\u0119d\u0105 si\u0119 w Centrum Konferencyjno-Szkoleniowym Uniwersytetu Warmi\u0144sko-Mazurskiego ul. Benedykta Dybowskiego 11, Olsztyn.<\/p>\n<h3>Referaty<\/h3>\n<p style=\"color: black\">Referaty powinny trwa\u0107 20 min &#8211; w\u0142\u0105cznie z pytaniami (18 min wyk\u0142adu + 2 min pyta\u0144). Prezentacje multimedialne powinny by\u0107 przygotowane w formacie .pdf, .pptx (wersja microsoft office zostanie podana), .html (w przypadku korzystania z impress.js prosimy o kontakt mailowy, podamy \u015bcie\u017ck\u0119 do niezb\u0119dnych bibliotek). Mo\u017cliwe b\u0119dzie pod\u0142\u0105czenie w\u0142asnego laptopa &#8211; zwracamy uwag\u0119 na wi\u0105\u017c\u0105ce si\u0119 z tym komplikacje w trakcie prze\u0142\u0105czania kabli!<\/p>\n<h3>Sesja posterowa<\/h3>\n<p style=\"color: black\">Przewidujemy przeprowadzenie sesji posterowej, w trakcie kt\u00f3rej osoby przygotowuj\u0105ce plakaty b\u0119d\u0105 mog\u0142y kr\u00f3tko zaprezentowa\u0107 swoj\u0105 prac\u0119 przed wszytkimi uczestnikami. Takie prezentacje nie powinny przekracza\u0107 5 min (mo\u017cliwa prezentacja multimedialna).<\/p>\n<h3>Abstrakty<\/h3>\n<p style=\"color: black\">Prosimy o przesy\u0142anie abstrakt\u00f3w zar\u00f3wno referat\u00f3w, jak i poster\u00f3w, drog\u0105 mailow\u0105, bezpo\u015brednio w mailu lub w formacie .pdf &#8211; <strong style=\"color:dimgray\">najp\u00f3\u017aniej do 3 wrze\u015bnia.<\/strong><\/p>\n<h3>Nocleg<\/h3>\n<p style=\"color: black\">Noclegi zostan\u0105 przydzielone w domach studenckich Uniwersytetu Warmi\u0144sko-Mazurskieg. Dok\u0142adne informacje zostan\u0105 przekazane drog\u0105 mailow\u0105.<\/p>\n<h3>Komitet Organizacyjny<\/h3>\n<p style=\"margin-left:24px; color:black\">Stefania Wolf<br \/>\nCezary Turski<br \/>\nPiotr \u0141ubis<br \/>\nMaksymilian Suwara<\/p>\n","protected":false},"excerpt":{"rendered":"<p>Sala wyk\u0142adowa Wyk\u0142ady odb\u0119d\u0105 si\u0119 w Centrum Konferencyjno-Szkoleniowym Uniwersytetu Warmi\u0144sko-Mazurskiego ul. Benedykta Dybowskiego 11, Olsztyn. Referaty Referaty powinny trwa\u0107 20 min &#8211; w\u0142\u0105cznie z pytaniami (18 min wyk\u0142adu + 2 min pyta\u0144). Prezentacje multimedialne&#46;&#46;&#46;<\/p>\n","protected":false},"author":6,"featured_media":0,"parent":469,"menu_order":0,"comment_status":"closed","ping_status":"closed","template":"","meta":{"footnotes":""},"_links":{"self":[{"href":"https:\/\/www.astrouw.edu.pl\/knastr\/wp-json\/wp\/v2\/pages\/512"}],"collection":[{"href":"https:\/\/www.astrouw.edu.pl\/knastr\/wp-json\/wp\/v2\/pages"}],"about":[{"href":"https:\/\/www.astrouw.edu.pl\/knastr\/wp-json\/wp\/v2\/types\/page"}],"author":[{"embeddable":true,"href":"https:\/\/www.astrouw.edu.pl\/knastr\/wp-json\/wp\/v2\/users\/6"}],"replies":[{"embeddable":true,"href":"https:\/\/www.astrouw.edu.pl\/knastr\/wp-json\/wp\/v2\/comments?post=512"}],"version-history":[{"count":23,"href":"https:\/\/www.astrouw.edu.pl\/knastr\/wp-json\/wp\/v2\/pages\/512\/revisions"}],"predecessor-version":[{"id":656,"href":"https:\/\/www.astrouw.edu.pl\/knastr\/wp-json\/wp\/v2\/pages\/512\/revisions\/656"}],"up":[{"embeddable":true,"href":"https:\/\/www.astrouw.edu.pl\/knastr\/wp-json\/wp\/v2\/pages\/469"}],"wp:attachment":[{"href":"https:\/\/www.astrouw.edu.pl\/knastr\/wp-json\/wp\/v2\/media?parent=512"}],"curies":[{"name":"wp","href":"https:\/\/api.w.org\/{rel}","templated":true}]}}

<h3>Sala wykładowa</h3>
<p style="color: black">Wykłady odbędą się w Centrum Konferencyjno-Szkoleniowym Uniwersytetu Warmińsko-Mazurskiego ul. Benedykta Dybowskiego 11, Olsztyn.</p>
<h3>Referaty</h3>
<p style="color: black">Referaty powinny trwać 20 min &#8211; włącznie z pytaniami (18 min wykładu + 2 min pytań). Prezentacje multimedialne powinny być przygotowane w formacie .pdf, .pptx (wersja microsoft office zostanie podana), .html (w przypadku korzystania z impress.js prosimy o kontakt mailowy, podamy ścieżkę do niezbędnych bibliotek). Możliwe będzie podłączenie własnego laptopa &#8211; zwracamy uwagę na wiążące się z tym komplikacje w trakcie przełączania kabli!</p>
<h3>Sesja posterowa</h3>
<p style="color: black">Przewidujemy przeprowadzenie sesji posterowej, w trakcie której osoby przygotowujące plakaty będą mogły krótko zaprezentować swoją pracę przed wszytkimi uczestnikami. Takie prezentacje nie powinny przekraczać 5 min (możliwa prezentacja multimedialna).</p>
<h3>Abstrakty</h3>
<p style="color: black">Prosimy o przesyłanie abstraktów zarówno referatów, jak i posterów, drogą mailową, bezpośrednio w mailu lub w formacie .pdf &#8211; <strong style="color:dimgray">najpóźniej do 3 września.</strong></p>
<h3>Nocleg</h3>
<p style="color: black">Noclegi zostaną przydzielone w domach studenckich Uniwersytetu Warmińsko-Mazurskieg. Dokładne informacje zostaną przekazane drogą mailową.</p>
<h3>Komitet Organizacyjny</h3>
<p style="margin-left:24px; color:black">Stefania Wolf<br />
Cezary Turski<br />
Piotr Łubis<br />
Maksymilian Suwara</p>

<p>Sala wykładowa Wykłady odbędą się w Centrum Konferencyjno-Szkoleniowym Uniwersytetu Warmińsko-Mazurskiego ul. Benedykta Dybowskiego 11, Olsztyn. Referaty Referaty powinny trwać 20 min &#8211; włącznie z pytaniami (18 min wykładu + 2 min pytań). Prezentacje multimedialne&#46;&#46;&#46;</p>
